{"id":2417,"date":"2025-07-09T20:22:12","date_gmt":"2025-07-09T18:22:12","guid":{"rendered":"https:\/\/lakogep.carbongroup.hu\/dup-installer\/?page_id=2417"},"modified":"2025-11-05T15:00:01","modified_gmt":"2025-11-05T14:00:01","slug":"blog-eu","status":"publish","type":"page","link":"https:\/\/lakogep.carbongroup.hu\/dup-installer\/blog-eu\/","title":{"rendered":"Blog"},"content":{"rendered":"\t\t<div data-elementor-type=\"wp-page\" data-elementor-id=\"2417\" class=\"elementor elementor-2417\" data-elementor-post-type=\"page\">\n\t\t\t\t<div data-particle_enable=\"false\" data-particle-mobile-disabled=\"false\" class=\"elementor-element elementor-element-b3ab4c6 e-flex e-con-boxed e-con e-parent\" data-id=\"b3ab4c6\" data-element_type=\"container\">\n\t\t\t\t\t<div class=\"e-con-inner\">\n\t\t\t\t<div class=\"elementor-element elementor-element-226def2 elementor-grid-eael-col-2 elementor-grid-tablet-eael-col-2 elementor-grid-mobile-eael-col-1 elementor-widget elementor-widget-eael-post-grid\" data-id=\"226def2\" data-element_type=\"widget\" data-settings=\"{&quot;eael_post_grid_columns&quot;:&quot;eael-col-2&quot;,&quot;eael_post_grid_columns_tablet&quot;:&quot;eael-col-2&quot;,&quot;eael_post_grid_columns_mobile&quot;:&quot;eael-col-1&quot;}\" data-widget_type=\"eael-post-grid.default\">\n\t\t\t\t<div class=\"elementor-widget-container\">\n\t\t\t\t\t<div id=\"eael-post-grid-226def2\" class=\"eael-post-grid-container\">\n            <div class=\"eael-post-grid eael-post-appender eael-post-appender-226def2 eael-post-grid-style-three\" data-layout-mode=\"grid\"><article class=\"eael-grid-post eael-post-grid-column\" data-id=\"3394\">\n        <div class=\"eael-grid-post-holder\">\n            <div class=\"eael-grid-post-holder-inner\"><div class=\"eael-entry-media\"><div class=\"eael-entry-overlay fade-in\"><i class=\"fas fa-long-arrow-alt-right\" aria-hidden=\"true\"><\/i><a href=\"https:\/\/lakogep.carbongroup.hu\/dup-installer\/blog-eu\/ceo-gyorgy-peter-year-end-interview-2025\/\"><\/a><\/div><div class=\"eael-entry-thumbnail \">\n                 <img fetchpriority=\"high\" decoding=\"async\" width=\"800\" height=\"514\" src=\"https:\/\/lakogep.carbongroup.hu\/dup-installer\/wp-content\/uploads\/2025\/12\/Gyuri_evertekelo_blog_kiemelt-1024x658.png\" class=\"attachment-large size-large wp-image-3412\" alt=\"Gy\u00f6rgy P\u00e9ter, CEO of Lak\u00f3g\u00e9p\" srcset=\"https:\/\/lakogep.carbongroup.hu\/dup-installer\/wp-content\/uploads\/2025\/12\/Gyuri_evertekelo_blog_kiemelt-1024x658.png 1024w, https:\/\/lakogep.carbongroup.hu\/dup-installer\/wp-content\/uploads\/2025\/12\/Gyuri_evertekelo_blog_kiemelt-300x193.png 300w, https:\/\/lakogep.carbongroup.hu\/dup-installer\/wp-content\/uploads\/2025\/12\/Gyuri_evertekelo_blog_kiemelt-768x494.png 768w, https:\/\/lakogep.carbongroup.hu\/dup-installer\/wp-content\/uploads\/2025\/12\/Gyuri_evertekelo_blog_kiemelt.png 1120w\" sizes=\"(max-width: 800px) 100vw, 800px\" \/>\n             <\/div>\n        <\/div><div class=\"eael-entry-wrapper\"><header class=\"eael-entry-header\"><h2 class=\"eael-entry-title\"><a class=\"eael-grid-post-link\" href=\"https:\/\/lakogep.carbongroup.hu\/dup-installer\/blog-eu\/ceo-gyorgy-peter-year-end-interview-2025\/\" title=\"\u201cI am truly inspired when we develop solutions together\u2026\u201d\">\u201cI am truly inspired when we develop solutions together\u2026\u201d<\/a><\/h2><\/header><div class=\"eael-entry-meta\"><span class=\"eael-posted-on\"><time datetime=\"2025.12.17.\">2025.12.17.<\/time><\/span><\/div><div class=\"eael-entry-content\">\n                        <div class=\"eael-grid-post-excerpt\"><p>What were Lak\u00f3g\u00e9p Ltd.\u2019s greatest successes in 2025? What was the biggest challenge for the company\u2019s CEO? We discussed these questions, among others, with Gy\u00f6rgy P\u00e9ter in our year-end interview.<\/p><\/div>\n                    <\/div><\/div><\/div>\n        <\/div>\n    <\/article><article class=\"eael-grid-post eael-post-grid-column\" data-id=\"3297\">\n        <div class=\"eael-grid-post-holder\">\n            <div class=\"eael-grid-post-holder-inner\"><div class=\"eael-entry-media\"><div class=\"eael-entry-overlay fade-in\"><i class=\"fas fa-long-arrow-alt-right\" aria-hidden=\"true\"><\/i><a href=\"https:\/\/lakogep.carbongroup.hu\/dup-installer\/blog-eu\/the-5-most-common-challenges-in-industrial-real-estate-development\/\"><\/a><\/div><div class=\"eael-entry-thumbnail \">\n                 <img decoding=\"async\" width=\"800\" height=\"514\" src=\"https:\/\/lakogep.carbongroup.hu\/dup-installer\/wp-content\/uploads\/2025\/11\/GetAttachmentThumbnail-1-1024x658.jpg\" class=\"attachment-large size-large wp-image-3331\" alt=\"\" srcset=\"https:\/\/lakogep.carbongroup.hu\/dup-installer\/wp-content\/uploads\/2025\/11\/GetAttachmentThumbnail-1-1024x658.jpg 1024w, https:\/\/lakogep.carbongroup.hu\/dup-installer\/wp-content\/uploads\/2025\/11\/GetAttachmentThumbnail-1-300x193.jpg 300w, https:\/\/lakogep.carbongroup.hu\/dup-installer\/wp-content\/uploads\/2025\/11\/GetAttachmentThumbnail-1-768x494.jpg 768w, https:\/\/lakogep.carbongroup.hu\/dup-installer\/wp-content\/uploads\/2025\/11\/GetAttachmentThumbnail-1.jpg 1120w\" sizes=\"(max-width: 800px) 100vw, 800px\" \/>\n             <\/div>\n        <\/div><div class=\"eael-entry-wrapper\"><header class=\"eael-entry-header\"><h2 class=\"eael-entry-title\"><a class=\"eael-grid-post-link\" href=\"https:\/\/lakogep.carbongroup.hu\/dup-installer\/blog-eu\/the-5-most-common-challenges-in-industrial-real-estate-development\/\" title=\"The 5 Most Common Challenges in Industrial Real Estate Development\">The 5 Most Common Challenges in Industrial Real Estate Development<\/a><\/h2><\/header><div class=\"eael-entry-meta\"><span class=\"eael-posted-on\"><time datetime=\"2025.11.27.\">2025.11.27.<\/time><\/span><\/div><div class=\"eael-entry-content\">\n                        <div class=\"eael-grid-post-excerpt\"><p>Based on our experience, we have identified five critical areas where projects most commonly encounter difficulties.<\/p><\/div>\n                    <\/div><\/div><\/div>\n        <\/div>\n    <\/article><article class=\"eael-grid-post eael-post-grid-column\" data-id=\"3040\">\n        <div class=\"eael-grid-post-holder\">\n            <div class=\"eael-grid-post-holder-inner\"><div class=\"eael-entry-media\"><div class=\"eael-entry-overlay fade-in\"><i class=\"fas fa-long-arrow-alt-right\" aria-hidden=\"true\"><\/i><a href=\"https:\/\/lakogep.carbongroup.hu\/dup-installer\/blog-eu\/cultural-differences-in-international-industrial-projects\/\"><\/a><\/div><div class=\"eael-entry-thumbnail \">\n                 <img decoding=\"async\" width=\"800\" height=\"514\" src=\"https:\/\/lakogep.carbongroup.hu\/dup-installer\/wp-content\/uploads\/2025\/10\/lakogep_2025_social_media_blog_kep_1120x720_REJTETT_EROFORRAS_v3-1024x658.jpg\" class=\"attachment-large size-large wp-image-3030\" alt=\"Lak\u00f3g\u00e9p_international_projekts\" srcset=\"https:\/\/lakogep.carbongroup.hu\/dup-installer\/wp-content\/uploads\/2025\/10\/lakogep_2025_social_media_blog_kep_1120x720_REJTETT_EROFORRAS_v3-1024x658.jpg 1024w, https:\/\/lakogep.carbongroup.hu\/dup-installer\/wp-content\/uploads\/2025\/10\/lakogep_2025_social_media_blog_kep_1120x720_REJTETT_EROFORRAS_v3-300x193.jpg 300w, https:\/\/lakogep.carbongroup.hu\/dup-installer\/wp-content\/uploads\/2025\/10\/lakogep_2025_social_media_blog_kep_1120x720_REJTETT_EROFORRAS_v3-768x494.jpg 768w, https:\/\/lakogep.carbongroup.hu\/dup-installer\/wp-content\/uploads\/2025\/10\/lakogep_2025_social_media_blog_kep_1120x720_REJTETT_EROFORRAS_v3.jpg 1120w\" sizes=\"(max-width: 800px) 100vw, 800px\" \/>\n             <\/div>\n        <\/div><div class=\"eael-entry-wrapper\"><header class=\"eael-entry-header\"><h2 class=\"eael-entry-title\"><a class=\"eael-grid-post-link\" href=\"https:\/\/lakogep.carbongroup.hu\/dup-installer\/blog-eu\/cultural-differences-in-international-industrial-projects\/\" title=\"Cultural differences in international industrial projects\">Cultural differences in international industrial projects<\/a><\/h2><\/header><div class=\"eael-entry-meta\"><span class=\"eael-posted-on\"><time datetime=\"2025.10.06.\">2025.10.06.<\/time><\/span><\/div><div class=\"eael-entry-content\">\n                        <div class=\"eael-grid-post-excerpt\"><p>In international industrial projects, success depends not only on technical expertise but also on managing cultural differences. At Lak\u00f3g\u00e9p, we turn these into a shared resource.<\/p><\/div>\n                    <\/div><\/div><\/div>\n        <\/div>\n    <\/article><article class=\"eael-grid-post eael-post-grid-column\" data-id=\"2626\">\n        <div class=\"eael-grid-post-holder\">\n            <div class=\"eael-grid-post-holder-inner\"><div class=\"eael-entry-media\"><div class=\"eael-entry-overlay fade-in\"><i class=\"fas fa-long-arrow-alt-right\" aria-hidden=\"true\"><\/i><a href=\"https:\/\/lakogep.carbongroup.hu\/dup-installer\/blog-eu\/new-ceo-at-lakogep\/\"><\/a><\/div><div class=\"eael-entry-thumbnail \">\n                 <img loading=\"lazy\" decoding=\"async\" width=\"800\" height=\"514\" src=\"https:\/\/lakogep.carbongroup.hu\/dup-installer\/wp-content\/uploads\/2025\/07\/lakogep_2025_social_media_blog_kep_1120x720_UJ_CEO-1024x658.jpg\" class=\"attachment-large size-large wp-image-2723\" alt=\"Palai Patrik, a Lak\u00f3g\u00e9p alap\u00edt\u00f3ja \u00e9s P\u00e9ter Gy\u00f6rgy, az \u00faj CEO\" srcset=\"https:\/\/lakogep.carbongroup.hu\/dup-installer\/wp-content\/uploads\/2025\/07\/lakogep_2025_social_media_blog_kep_1120x720_UJ_CEO-1024x658.jpg 1024w, https:\/\/lakogep.carbongroup.hu\/dup-installer\/wp-content\/uploads\/2025\/07\/lakogep_2025_social_media_blog_kep_1120x720_UJ_CEO-300x193.jpg 300w, https:\/\/lakogep.carbongroup.hu\/dup-installer\/wp-content\/uploads\/2025\/07\/lakogep_2025_social_media_blog_kep_1120x720_UJ_CEO-768x494.jpg 768w, https:\/\/lakogep.carbongroup.hu\/dup-installer\/wp-content\/uploads\/2025\/07\/lakogep_2025_social_media_blog_kep_1120x720_UJ_CEO.jpg 1120w\" sizes=\"(max-width: 800px) 100vw, 800px\" \/>\n             <\/div>\n        <\/div><div class=\"eael-entry-wrapper\"><header class=\"eael-entry-header\"><h2 class=\"eael-entry-title\"><a class=\"eael-grid-post-link\" href=\"https:\/\/lakogep.carbongroup.hu\/dup-installer\/blog-eu\/new-ceo-at-lakogep\/\" title=\"&#8216;We share the same values&#8217; \u2013 The New CEO of Lak\u00f3g\u00e9p\">&#8216;We share the same values&#8217; \u2013 The New CEO of Lak\u00f3g\u00e9p<\/a><\/h2><\/header><div class=\"eael-entry-meta\"><span class=\"eael-posted-on\"><time datetime=\"2025.07.31.\">2025.07.31.<\/time><\/span><\/div><div class=\"eael-entry-content\">\n                        <div class=\"eael-grid-post-excerpt\"><p>Lak\u00f3g\u00e9p enters a new era as founder Patrik Palai hands over leadership to Gy\u00f6rgy P\u00e9ter, marking a strategic transformation built on shared values and long-term growth.<\/p><\/div>\n                    <\/div><\/div><\/div>\n        <\/div>\n    <\/article><\/div>\n            <div class=\"clearfix\"><\/div>\n        <\/div>\t\t\t\t<\/div>\n\t\t\t\t<\/div>\n\t\t\t\t\t<\/div>\n\t\t\t\t<\/div>\n\t\t\t\t<\/div>\n\t\t","protected":false},"excerpt":{"rendered":"<p>Blog test 2 2025.07.10. lorem ipsum Test blog 2025.07.09. Oldal c\u00edme 1234 Helyis\u00e9g neve At vero eos et accusamus et iusto odio dignissimos ducimus qui blanditiis praesentium voluptatum deleniti atque corrupti quos Dravicz Zsolt \/ 2024. j\u00fanius 12. Lorem&#8230;<\/p>\n","protected":false},"author":6,"featured_media":0,"parent":0,"menu_order":0,"comment_status":"closed","ping_status":"closed","template":"","meta":{"footnotes":""},"class_list":["post-2417","page","type-page","status-publish","hentry"],"lang":"en","translations":{"en":2417,"hu":2479},"pll_sync_post":[],"_links":{"self":[{"href":"https:\/\/lakogep.carbongroup.hu\/dup-installer\/wp-json\/wp\/v2\/pages\/2417","targetHints":{"allow":["GET"]}}],"collection":[{"href":"https:\/\/lakogep.carbongroup.hu\/dup-installer\/wp-json\/wp\/v2\/pages"}],"about":[{"href":"https:\/\/lakogep.carbongroup.hu\/dup-installer\/wp-json\/wp\/v2\/types\/page"}],"author":[{"embeddable":true,"href":"https:\/\/lakogep.carbongroup.hu\/dup-installer\/wp-json\/wp\/v2\/users\/6"}],"replies":[{"embeddable":true,"href":"https:\/\/lakogep.carbongroup.hu\/dup-installer\/wp-json\/wp\/v2\/comments?post=2417"}],"version-history":[{"count":30,"href":"https:\/\/lakogep.carbongroup.hu\/dup-installer\/wp-json\/wp\/v2\/pages\/2417\/revisions"}],"predecessor-version":[{"id":3185,"href":"https:\/\/lakogep.carbongroup.hu\/dup-installer\/wp-json\/wp\/v2\/pages\/2417\/revisions\/3185"}],"wp:attachment":[{"href":"https:\/\/lakogep.carbongroup.hu\/dup-installer\/wp-json\/wp\/v2\/media?parent=2417"}],"curies":[{"name":"wp","href":"https:\/\/api.w.org\/{rel}","templated":true}]}}